*a - 34*a = 1120. Let g = a - -292. Calculate the highest common divisor of g and 84.
12
Let q be (-4087)/(-3) - 475/(-285). Calculate the highest common factor of q and 186.
62
Let c(d) = d**3 - 8*d**2 - 3*d - 6. Let i be c(9). Suppose 0 = -53*v + 7887 - 2799. Calculate the greatest common divisor of i and v.
48
Let k(p) = -15*p**2 + 16*p - 2*p**3 + 4 + 3*p**3 - 4*p**3 + 2*p**3. Let m be k(-16). Suppose 9*v - m*v = 5. What is the greatest common factor of 7 and v?
1
Let d be (-163 + 74)/(2/(-8)). Calculate the highest common divisor of 1602 and d.
178
Let z be (-6)/6*0*(-1 - 0). Suppose 20*u - 24*u + 100 = z. Let f be ((-10)/3)/((-9)/27). Calculate the highest common divisor of f and u.
5
Let f be (-6 - (-1185)/60) + (-10)/(-8). What is the greatest common divisor of 140 and f?
5
Suppose -w + 136 = 5. Let j = w - 122. Let g = -73 + 145. What is the greatest common divisor of j and g?
9
Suppose -m - 192 = -5*m. Let i = -19 + m. Suppose -3*z + i = 5. Calculate the greatest common divisor of 16 and z.
8
Let f be 6/(-4)*(46/(-4))/((-33)/(-44)). Let q = 385 + -270. Calculate the greatest common divisor of q and f.
23
Let v = 2918 + -2722. Calculate the highest common factor of v and 140.
28
Let w = -73 - -165. Let g be 4/(-4)*7*1092/(-147). Suppose -9*n + w = -g. Calculate the greatest common divisor of 144 and n.
16
Suppose 632*f - 635*f = -798. What is the greatest common divisor of f and 304?
38
Let j = -20204 - -20460. Calculate the greatest common divisor of j and 2144.
32
Let r = -2609 - -2690. Let f(u) be the third derivative of u**6/15 + u**4/24 - 3*u**2. Let y be f(1). What is the greatest common divisor of r and y?
9
Suppose 9*w + 27 - 50 = 112. What is the highest common factor of w and 2640?
15
Suppose -524*y - 3542 = -535*y. Calculate the highest common factor of y and 184.
46
Suppose -p + 7*p + 5*p = 0. Suppose -45 = -4*i + t, 0 = 3*i + 3*t - p*t - 30. Let f = -5 - -16. Calculate the greatest common factor of f and i.
11
Suppose 6*o - 269 - 361 = 0. Suppose -2*w = 5*b - 156, 17*b = 19*b + 3*w - 69. Calculate the greatest common factor of o and b.
15
Let x = -330 - -573. Let w be x + (-9 + 6 - 0/1). Calculate the greatest common factor of 12 and w.
12
Let m(x) = 41*x - 182. Let u be m(7). Calculate the highest common factor of u and 609.
21
Suppose 21019 + 805 = 124*s. Calculate the highest common factor of s and 7128.
88
Suppose -11*s = 985 - 1117. What is the greatest common factor of s and 57?
3
Let v be -8 + 12/3 + 5. Let l be (v - 15/13) + 938/13. Calculate the greatest common divisor of l and 18.
18
Suppose -9 = -7*a + 40. Suppose 41*c - 7869 = 15378. Calculate the greatest common divisor of c and a.
7
Suppose -91*m + 3937 = -7261 - 15556. Calculate the highest common factor of 8967 and m.
147
Let h(a) = -3*a**2 + 195*a - 851. Let k be h(5). Calculate the greatest common divisor of 266 and k.
7
Suppose -g + 2*g = -1, 2*g = -k. Let r be (4/7)/(k/14). Let y be (0 - 2/6)*-24. What is the greatest common factor of y and r?
4
Let b be (-120)/140 + (-699)/21*-3. Calculate the greatest common factor of 2343 and b.
33
Let w be ((6 - -2) + 2)*1. Let c(o) = 6*o**2 + 12*o + 22. Suppose -24 = 207*k - 201*k. Let q be c(k). Calculate the greatest common factor of w and q.
10
Suppose 4*s + 23 = 51. Let v = -6748 + 6811. What is the highest common factor of s and v?
7
Let y(v) = -v**2 + 9*v + 29. Let j be y(14). Let n = j - -42. Suppose a = -n + 4. What is the highest common factor of 2 and a?
1
Suppose 3*f - 4*z - 11450 = 0, f + 199*z - 3834 = 196*z. Calculate the greatest common divisor of 168 and f.
42
Let h(b) = b**2 + 7*b. Suppose 9*r - 32 = 13*r. Let i be h(r). Calculate the greatest common divisor of 96 and i.
8
Let b be 3 - (7 + -2 + -2). Suppose 9*d - 1739 + 65 = b. Calculate the highest common factor of d and 6.
6
Let x(o) = -o**2 - 125*o - 1944. Let g be x(-74). What is the greatest common factor of 30 and g?
30
Let m = -3634 + 3758. What is the highest common divisor of 34844 and m?
124
Let g(b) = 11*b**3 - 56*b**2 + 11*b - 6. Let u be g(5). Calculate the highest common divisor of 2364 and u.
12
Let a be 8/(658/3340 - (-3)/(-15)). Let k = -1880 - a. Calculate the highest common divisor of 99 and k.
99
Let g(l) = l**2 + 2*l + 4. Let d be g(0). Suppose -5*m - 62 = 5*z + 108, 0 = -d*z - 5*m - 141. Let r = 11 - z. What is the greatest common divisor of r and 16?
8
Suppose 3116 = 5*j - p, 232 = -4*j + 4*p + 2712. Calculate the greatest common factor of 13572 and j.
156
Let o = 8842 - 8555. Calculate the highest common divisor of o and 77.
7
Suppose -m + 1 = -1. Suppose -3*u + 4*u = -3*y + 13, -5*y = -u - 27. Let n = m + y. What is the highest common divisor of 14 and n?
7
Let g = -51 - -59. Let a be 5*(-7)/(-70) - 318/(-4). Suppose -7*z - 3*z + a = 0. What is the greatest common divisor of z and g?
8
Suppose 2*x + 15 = 45. Suppose -x*k - 360 = -20*k. Calculate the highest common factor of 60 and k.
12
Let g = 2047 + -1787. What is the greatest common factor of g and 4?
4
Let r(c) = 5*c**2 - 215*c - 52. Let d be r(44). Calculate the greatest common divisor of d and 210.
42
Let c(x) = 617*x + 5419. Let s be c(13). What is the greatest common factor of s and 280?
280
Let s(j) = -2*j**3 - j - j**3 + 4*j**3 - 2. Let f be s(-2). Let p be f/2 + 4 + 9. Calculate the greatest common divisor of 45 and p.
9
Let w be (-8)/(-20) + 47/(-5) - 3438870/(-158). Calculate the greatest common divisor of 12 and w.
12
Suppose 0 = 4*n - 5 + 21, -2*z + 14642 = -3*n. What is the highest common factor of z and 7?
7
Let n = 23 + 13. Let b(p) = -2*p**3 - 12*p**2 + 27*p + 1. Let z be b(-8). Let g = -23 + z. Calculate the highest common divisor of g and n.
18
Suppose -2*u - 114 = -f, -4*f + 386 = -6*u + 8*u. Suppose 0 = -z - 1 + 4, 3*j - z - 72 = 0. Calculate the highest common divisor of f and j.
25
Let i = 218 - 209. Suppose 0 = -2*a + 5*a - i, 0 = 2*u - 4*a - 2. What is the greatest common factor of 2 and u?
1
Let v(r) = -112*r + 110. Let j be v(9). Let q = 916 + j. Suppose -2*w - 351 = -5*w. Calculate the highest common divisor of w and q.
9
Let s = -21 - -29. Let j be (-240)/36*6/4. Let c be ((-32)/6 - -2)*72/j. What is the greatest common factor of c and s?
8
Suppose 572520 - 232078 = 323*f. Calculate the highest common divisor of f and 31.
31
Let g be (-696)/(-14) - 70/98. Calculate the highest common factor of g and 5929.
49
Let t(s) = 20*s - 133. Let w be t(7). Let l be -2 + 58/w + (-42)/147. Let v = 40 - -56. What is the highest common factor of l and v?
6
Let h be (-5)/((-35)/6)*7. Let v = 21 + h. Let i be (-2)/3 + 342/v. Calculate the greatest common divisor of 132 and i.
12
Suppose 294*l = 298*l - 556. Suppose 140*q - l*q - 2*v - 7 = 0, 0 = -q - v + 7. What is the greatest common divisor of q and 5?
1
Suppose -186 = -2*i + 50. Let f = i + -93. Let u = 29 - f. What is the greatest common divisor of u and 4?
4
Suppose 0 = 3*q - 11*w + 14*w - 66, -9*q - 2*w + 226 = 0. Calculate the greatest common divisor of q and 5122.
26
Let b be (-2)/(-4) - (-180)/8. Let r be ((22/10 - 2)*-1)/((-78)/116610). Calculate the highest common divisor of r and b.
23
Let n be 3 + (-5 - -5) + (0 - 117). Let h = 354 + n. What is the greatest common divisor of h and 15?
15
Let l(m) = -m**3 + 17*m**2 + 32*m - 237. Let h be l(18). What is the greatest common factor of 2955 and h?
15
Let p(x) = -x**3 + 28*x**2 + 30*x - 5. Let b be p(29). Suppose 0 = 10*r - 12*r + b. What is the highest common factor of r and 138?
6
Suppose 64*m + 18975 = 179*m. Calculate the greatest common divisor of 615 and m.
15
Let m be ((-36)/15)/(329/70 - 5). Suppose -m*p = -2426 + 26. Let x = 58 - 28. What is the greatest common factor of x and p?
30
Suppose 0 = -4*r + 8, -2*l = l + 3*r - 396. Let h be (-13)/(l/(-120))*(-272)/(-6). What is the greatest common divisor of h and 32?
32
Suppose -5*b + 49 = -92*i + 91*i, -5*i = -4*b + 56. What is the greatest common divisor of b and 1422?
9
Suppose 2*t - 111 = -4*u + 87, u + 360 = 4*t. Let o = 1963 + -1950. Calculate the greatest common factor of t and o.
13
Let x be (24/(-14))/((-1)/70). Let v = -113 + 115. Let l be (138 + v)/7 + 0/(-1). What is the highest common factor of l and x?
20
Let y = -569 + 659. Let p be ((-28)/8 + -1)*-30. Calculate the highest comm